{"id":760,"date":"2023-02-01T23:23:52","date_gmt":"2023-02-01T22:23:52","guid":{"rendered":"https:\/\/auxarbrescitadins.com\/?page_id=760"},"modified":"2026-03-09T18:41:15","modified_gmt":"2026-03-09T17:41:15","slug":"ressources","status":"publish","type":"page","link":"https:\/\/auxarbrescitadins.com\/index.php\/sinformer-2\/ressources\/","title":{"rendered":"Ressources"},"content":{"rendered":"\n<hr class=\"wp-block-separator has-alpha-channel-opacity\"\/>\n\n\n<div class=\"wp-block-image\">\n<figure class=\"aligncenter size-full is-resized\"><img loading=\"lazy\" decoding=\"async\" width=\"459\" height=\"440\" src=\"https:\/\/auxarbrescitadins.com\/wp-content\/uploads\/2026\/03\/iNaturalist-v2-1.png\" alt=\"\" class=\"wp-image-1554\" style=\"width:121px;height:auto\" srcset=\"https:\/\/auxarbrescitadins.com\/wp-content\/uploads\/2026\/03\/iNaturalist-v2-1.png 459w, https:\/\/auxarbrescitadins.com\/wp-content\/uploads\/2026\/03\/iNaturalist-v2-1-300x288.png 300w, https:\/\/auxarbrescitadins.com\/wp-content\/uploads\/2026\/03\/iNaturalist-v2-1-121x116.png 121w\" sizes=\"auto, (max-width: 459px) 100vw, 459px\" \/><\/figure>\n<\/div>\n\n\n<div class=\"wp-block-media-text has-media-on-the-right is-stacked-on-mobile\" style=\"grid-template-columns:auto 21%\"><div class=\"wp-block-media-text__content\">\n<p><a href=\"https:\/\/www.inaturalist.org\/\" target=\"_blank\" rel=\"noreferrer noopener\">iNaturalist<\/a> est une application gratuite qui permet d\u2019observer, photographier et partager les plantes et animaux rencontr\u00e9s dans la nature, tout en \u00e9changeant avec une communaut\u00e9 de passionn\u00e9s.<br>Chaque observation contribue \u00e0 mieux conna\u00eetre la biodiversit\u00e9 et alimente des bases de donn\u00e9es utilis\u00e9es par les scientifiques<\/p>\n\n\n\n<p>Vous pouvez contribuer\u00a0ainsi \u00e0 alimenter l\u2019Observatoire de la biodiversit\u00e9 de Grenoble Alpes (<a href=\"https:\/\/obica.osug.fr\/atlas\/commune\/38229\">Obiga<\/a>). <a href=\"https:\/\/auxarbrescitadins.com\/index.php\/2022\/05\/31\/observatoire-citoyen\/\">plus d&rsquo;infos<\/a><\/p>\n<\/div><figure class=\"wp-block-media-text__media\"><img loading=\"lazy\" decoding=\"async\" width=\"320\" height=\"688\" src=\"https:\/\/auxarbrescitadins.com\/wp-content\/uploads\/2026\/03\/iNaturalist-iphone.png\" alt=\"\" class=\"wp-image-1555 size-full\" srcset=\"https:\/\/auxarbrescitadins.com\/wp-content\/uploads\/2026\/03\/iNaturalist-iphone.png 320w, https:\/\/auxarbrescitadins.com\/wp-content\/uploads\/2026\/03\/iNaturalist-iphone-140x300.png 140w, https:\/\/auxarbrescitadins.com\/wp-content\/uploads\/2026\/03\/iNaturalist-iphone-54x116.png 54w\" sizes=\"auto, (max-width: 320px) 100vw, 320px\" \/><\/figure><\/div>\n\n\n\n<hr class=\"wp-block-separator has-alpha-channel-opacity\"\/>\n\n\n<div class=\"wp-block-image\">\n<figure class=\"aligncenter size-full\"><a href=\"https:\/\/plantnet.org\/#telecharger\"><img loading=\"lazy\" decoding=\"async\" width=\"295\" height=\"96\" src=\"https:\/\/auxarbrescitadins.com\/wp-content\/uploads\/2023\/02\/plantnet.png\" alt=\"\" class=\"wp-image-762\" srcset=\"https:\/\/auxarbrescitadins.com\/wp-content\/uploads\/2023\/02\/plantnet.png 295w, https:\/\/auxarbrescitadins.com\/wp-content\/uploads\/2023\/02\/plantnet-228x74.png 228w\" sizes=\"auto, (max-width: 295px) 100vw, 295px\" \/><\/a><\/figure>\n<\/div>\n\n\n<div class=\"wp-block-media-text alignwide is-stacked-on-mobile\" style=\"grid-template-columns:20% auto\"><figure class=\"wp-block-media-text__media\"><img loading=\"lazy\" decoding=\"async\" width=\"287\" height=\"481\" src=\"https:\/\/auxarbrescitadins.com\/wp-content\/uploads\/2023\/02\/plantnet_v3.png\" alt=\"\" class=\"wp-image-767 size-full\" srcset=\"https:\/\/auxarbrescitadins.com\/wp-content\/uploads\/2023\/02\/plantnet_v3.png 287w, https:\/\/auxarbrescitadins.com\/wp-content\/uploads\/2023\/02\/plantnet_v3-179x300.png 179w, https:\/\/auxarbrescitadins.com\/wp-content\/uploads\/2023\/02\/plantnet_v3-69x116.png 69w\" sizes=\"auto, (max-width: 287px) 100vw, 287px\" \/><\/figure><div class=\"wp-block-media-text__content\">\n<p>Avec l&rsquo;application <a rel=\"noreferrer noopener\" href=\"https:\/\/plantnet.org\/#telecharger\" target=\"_blank\">Pl@ntNet<\/a>, identifiez une plante ou un arbre \u00e0 partir d&rsquo;une photo avec votre t\u00e9l\u00e9phone portable.<\/p>\n\n\n\n<p>Application gratuite tr\u00e8s utile et tr\u00e8s performante, vous pouvez contribuer a entretenir cette application avec un don<\/p>\n<\/div><\/div>\n\n\n\n<hr class=\"wp-block-separator has-alpha-channel-opacity\"\/>\n\n\n<div class=\"wp-block-image\">\n<figure class=\"aligncenter size-full\"><a href=\"https:\/\/www.geoportail.gouv.fr\/\"><img loading=\"lazy\" decoding=\"async\" width=\"355\" height=\"113\" src=\"https:\/\/auxarbrescitadins.com\/wp-content\/uploads\/2023\/02\/geoportail.png\" alt=\"\" class=\"wp-image-772\" srcset=\"https:\/\/auxarbrescitadins.com\/wp-content\/uploads\/2023\/02\/geoportail.png 355w, https:\/\/auxarbrescitadins.com\/wp-content\/uploads\/2023\/02\/geoportail-300x95.png 300w, https:\/\/auxarbrescitadins.com\/wp-content\/uploads\/2023\/02\/geoportail-228x73.png 228w\" sizes=\"auto, (max-width: 355px) 100vw, 355px\" \/><\/a><\/figure>\n<\/div>\n\n\n<div class=\"wp-block-media-text alignwide has-media-on-the-right is-stacked-on-mobile\" style=\"grid-template-columns:auto 22%\"><div class=\"wp-block-media-text__content\">\n<p>Avec cette application gratuite, rechercher gr\u00e2ce \u00e0 votre t\u00e9l\u00e9phone, un lieu, un emplacement pr\u00e9cis d&rsquo;un arbre, <br>une photographie a\u00e9rienne, une parcelle cadastrale,<br>des donn\u00e9es g\u00e9ographiques pr\u00e9cises, latitude et longitude\u2026<\/p>\n\n\n\n<p>Vous pouvez \u00e9galement utiliser <a href=\"https:\/\/www.geoportail.gouv.fr\/\" target=\"_blank\" rel=\"noreferrer noopener\">ce portail web<\/a> <\/p>\n\n\n\n<p><a href=\"https:\/\/www.geoportail.gouv.fr\/tutoriels\" target=\"_blank\" rel=\"noreferrer noopener\">Tutoriels<\/a><\/p>\n<\/div><figure class=\"wp-block-media-text__media\"><a href=\"https:\/\/www.geoportail.gouv.fr\/\"><img loading=\"lazy\" decoding=\"async\" width=\"278\" height=\"493\" src=\"https:\/\/auxarbrescitadins.com\/wp-content\/uploads\/2023\/02\/Geoportail_v2.png\" alt=\"\" class=\"wp-image-774 size-full\" srcset=\"https:\/\/auxarbrescitadins.com\/wp-content\/uploads\/2023\/02\/Geoportail_v2.png 278w, https:\/\/auxarbrescitadins.com\/wp-content\/uploads\/2023\/02\/Geoportail_v2-169x300.png 169w, https:\/\/auxarbrescitadins.com\/wp-content\/uploads\/2023\/02\/Geoportail_v2-65x116.png 65w\" sizes=\"auto, (max-width: 278px) 100vw, 278px\" \/><\/a><\/figure><\/div>\n\n\n\n<hr class=\"wp-block-separator has-alpha-channel-opacity\"\/>\n","protected":false},"excerpt":{"rendered":"<p>iNaturalist est une application gratuite qui permet d\u2019observer, photographier et partager les plantes et animaux rencontr\u00e9s dans la nature, tout &hellip; <a href=\"https:\/\/auxarbrescitadins.com\/index.php\/sinformer-2\/ressources\/\" class=\"more-link\">Continue reading <span class=\"screen-reader-text\">Ressources<\/span><\/a><\/p>\n","protected":false},"author":1,"featured_media":0,"parent":690,"menu_order":0,"comment_status":"closed","ping_status":"closed","template":"","meta":{"footnotes":""},"class_list":["post-760","page","type-page","status-publish","hentry"],"_links":{"self":[{"href":"https:\/\/auxarbrescitadins.com\/index.php\/wp-json\/wp\/v2\/pages\/760","targetHints":{"allow":["GET"]}}],"collection":[{"href":"https:\/\/auxarbrescitadins.com\/index.php\/wp-json\/wp\/v2\/pages"}],"about":[{"href":"https:\/\/auxarbrescitadins.com\/index.php\/wp-json\/wp\/v2\/types\/page"}],"author":[{"embeddable":true,"href":"https:\/\/auxarbrescitadins.com\/index.php\/wp-json\/wp\/v2\/users\/1"}],"replies":[{"embeddable":true,"href":"https:\/\/auxarbrescitadins.com\/index.php\/wp-json\/wp\/v2\/comments?post=760"}],"version-history":[{"count":9,"href":"https:\/\/auxarbrescitadins.com\/index.php\/wp-json\/wp\/v2\/pages\/760\/revisions"}],"predecessor-version":[{"id":1556,"href":"https:\/\/auxarbrescitadins.com\/index.php\/wp-json\/wp\/v2\/pages\/760\/revisions\/1556"}],"up":[{"embeddable":true,"href":"https:\/\/auxarbrescitadins.com\/index.php\/wp-json\/wp\/v2\/pages\/690"}],"wp:attachment":[{"href":"https:\/\/auxarbrescitadins.com\/index.php\/wp-json\/wp\/v2\/media?parent=760"}],"curies":[{"name":"wp","href":"https:\/\/api.w.org\/{rel}","templated":true}]}}